-3 - ((12 - -4) + -3)) + 2?
-1
What is the value of 132 + -128 + (4 - 1) + (3 - 19)?
-9
What is the value of -21 + 22 + -11 + 6?
-4
(59 + -28 - -6) + -74
-37
(2 - (-6 - 4) - 7) + 21 + -18
8
(6 - 12) + -9 + 12 + (-2 - -11)
6
What is the value of 17 + 7 + -30 + 8 + 6?
8
What is 33 - (-35 + 13 + 47)?
8
Evaluate (25 + 15 - 27) + -6.
7
-5 + (4 - 0 - 5) + (-87 - -125)
32
What is the value of -7 + (15 + -14 - -36)?
30
What is -14 - -31 - 17 - (-2 - 0)?
2
Evaluate -13 - (-7 - (-4 + -2 + 2)).
-10
What is 6 + (-8 - 5) - -14?
7
Evaluate (25 + -11 - 7) + (3 - (9 - -2)).
-1
(-7 - 18) + -2 + 14
-13
-12 + (1 + 0 - -5) + -10
-16
-7 - (-20 + -3 + 7)
9
Evaluate -30 - (-3 + 6 + -3 + -6 - 3).
-21
What is the value of (-12 - -24) + -11 + (16 - -1)?
18
Calculate 16 - ((14 - -13) + -17).
6
What is (-6 - -10) + -15 + (20 - 30)?
-21
Calculate (8 + 19 - 11) + -18.
-2
Calculate (2 + (6 - 1) - 2) + (-8 - -16).
13
Calculate -2 + -2 + (3 - -5) + -7.
-3
Evaluate -5 - (24 - 28) - (11 - 1).
-11
Evaluate 17 - (-17 - (-30 + -9)).
-5
Evaluate (-2 - (3 - 7) - 4) + (-18 - -34).
14
Evaluate 1 - (8 + -5) - (23 - 15).
-10
What is the value of 2 + 2 - (98 + -81) - -29?
16
Evaluate 89 + -79 + -2 + -9.
-1
What is (-2 + 0 - 2) + 58 + (69 - 122)?
1
Evaluate -15 + 3 + 9 - ((-11 - -6) + -24).
26
What is the value of 2 + (-2 - 5) + -10 + (2 - -9)?
-4
What is 11 - (-1 + -5 + (10 - -4 - 5))?
8
What is -11 + (2 - 2 - -23)?
12
Calculate -12 + -11 + 26 + (-4 - (6 - 9)).
2
18 + 0 + (-48 - -46)
16
What is (-3 - (-4 - (-9 - -5) - -12)) + 2?
-13
What is the value of -20 + (14 - (6 - 3))?
-9
(11 - (11 + -7)) + (0 - -3) + -2
8
Evaluate (280 - 303) + -6 + 68.
39
What is -28 + (41 - (6 - -2)) + -15?
-10
What is the value of -1 + 8 + (372 - 388) - (-24 - -1)?
14
Calculate 29 + 0 - ((-8 - -13) + -8 + 7).
25
Calculate 91 + -74 - (28 + 0).
-11
4 + -2 + (-11 - (0 + 3)) - -1
-11
What is the value of (-4 - (10 + -10)) + -10 + (2 - 0)?
-12
Calculate (32 - 44 - -4) + (-1 + 23 - -1).
15
(18 - 22) + 14 + -8
2
What is 1158 - 1149 - (37 + 0 - 0)?
-28
Calculate 1 + 5 - (-15 + 13 - (0 + -3)).
5
Evaluate -5 + (0 - 8) + 16 - -1.
4
-21 + 14 + -9 + -2
-18
What is (7 - -1) + (-15 + -3 - -11)?
1
What is -15 - (-1 - -6 - (-9 - -17))?
-12
44 - 38 - (-4 + (20 - 2))
-8
What is the value of (0 - (0 + 9)) + (-36 - (-73 + 33))?
-5
What is (17 - (14 + -26)) + (11 - 18)?
22
What is -25 - ((5 - (-3 - 4 - 9)) + -9)?
-37
What is (-4 - 3) + (-6 - -20)?
7
Evaluate 23 - (-5 - (1 + -13)).
16
What is the value of 62 + -61 - (-2 + 4 + -2) - 1?
0
Evaluate (8 - 9) + -7 + 14 + -7 - 7.
-8
What is the value of -3 + 1 + 10 + (-22 - -4) - -20?
10
Calculate -11 - ((-8 - (-3 + 11)) + 13).
-8
What is the value of (-6 - 4) + 24 + -33 + (1 - -17)?
-1
What is 19 + (-39 - -7) - -15?
2
Evaluate (-3 - 10) + -3 - -27.
11
-1 + (-1 - 4 - (7 - 36))
23
(11 - -2) + -9 + 4 + -17
-9
What is (14 - (-18 - -34)) + (-1 - 9)?
-12
Evaluate 23 + 7 + -6 - 21.
3
Calculate (10 + -14 - 5) + -13 + -2.
-24
(104 - 74) + (4 + -18 - 1)
15
Calculate (-3 - 11) + 117 + -98.
5
Calculate (0 - -7) + -7 + -2 + 1 + -7.
-8
Calculate -32 + 15 + 39 + -17.
5
Calculate 3 + 4 + (-8 - -13).
12
What is the value of 7 + -11 + 15 + (2 - (-1 - 0))?
14
Calculate (5 - 22) + 1 + 10.
-6
What is the value of -7 + -17 + 13 + 4 + 22?
15
What is the value of 9 + 5 + 9 + -17 + 0?
6
Evaluate 15 + 14 - (-26 + 51).
4
(-58 - -30) + 22 - -17
11
Calculate (-22 - (8 - 16)) + 9 - (0 + -5).
0
-1 + 1 + -32 - (-11 + 1)
-22
What is 2 - (-10 + 5) - (22 + (-4 - -13))?
-24
What is the value of 28 + 0 - (87 - 52)?
-7
Evaluate (-17 - -3 - -20) + 0 + (-1 - -2).
7
Calculate -7 + 0 + -17 + -8.
-32
What is the value of (-10 - -57) + (-35 - -13)?
25
Calculate -21 + (13 - 13) - -20.
-1
Calculate -269 + 261 + (5 - -4).
1
(9 + 3 - 12) + -15
-15
Calculate 3 + 15 + (-4 - (4 + -8)).
18
Evaluate -13 - (-8 + 5 + -5 + 3).
-8
What is the value of -26 - 14 - -18 - -21?
-1
What is the value of 3 - (-3 - -17) - (70 + -83)?
2
What is -6 - (-19 + -2 + (7 + -16 - -18))?
6
What is 28 - ((-2 - 0 - -6) + (178 - 174))?
20
(-21 - 3) + 43 - 36
-17
What is the value of (-4 - -3) + (-3 - 11 - -11)?
-4
What is the value of (-5 - (3 + -4 + 4)) + 8?
0
Evaluate (-4 - (13 - 3)) + (-8 - -5) + 9.
-8
(12 - 8) + -10 - (-1 + 15) - -6
-14
Calculate (13 - (18 - 2)) + (-18 - -2).
-19
32 - (-4 - 16 - -15 - -15)
22
Evaluate 13 + 1 - (-579 - -576).
17
Calculate 4 + (5 - (10 + 11) - -5).
-7
Evaluate -3 + (33 - (18 - -1)).
11
What is -40 - (16 - (45 - 24))?
-35
Calculate 7 + (-5 - (5 + -3)) + -5 + -1.
-6
Calculate -114 + 112 - (-3 - 8 - 2).
11
What is the value of (0 - 3 - -17) + -4 + (-2 - -4)?
12
Evaluate -10 - -8 - (0 - -1).
-3
-24 - ((-40 - -33) + (1 - 0) + 2)
-20
What is the value of 3 + 3 + (-4 + (-15 - -10) - 15)?
-18
Evaluate 0 - (0 + 2) - (23 - 4 - 2).
-19
What is -1 - (21 + 1 + -22)?
-1
Calculate -30 + (20 - 12) - -3.
-19
(-32 - 1) + 2 + -1 + 5 + 1
-26
Calculate 3 + (-13 - 18) + 47.
19
What is the value of (-7 + 7 + -1 - 2) + 3 + -2?
-2
What is -24 + -4 + -9 + 6 - -12?
-19
What is -1 - -4 - -3 - (1 - 3 - -4)?
4
Evaluate (3 + -2 - 11) + 725 + -704.
11
What is the value of 8 + -14 + -14 - -14?
-6
Calculate (-1 - 27) + 69 + -39.
2
Evaluate (23 - 60) + 59 - 28.
-6
What is -3 - 2 - (-1 + -1 + (-9 - -12))?
-6
What is (3 - (-3 - 21)) + (-4 - -2 - 3)?
22
What is the value of 2 + (-1 - (4 - 0)) - -4?
1
What is -14 - -3 - (-198 - -163)?
24
Calculate -7 + 1 + 0 + (50 - -20) + -36.
28
What is the value of -31 - -46 - (6 - 5)?
14
What is -2 + (12 - 10) + 8 + 4?
12
Calculate (272 - 286) + 0 + 8 + 2.
-4
Calculate -10 - (-20 + 18 + -15).
7
7 + (3 + (-10 - -5) - -1) + -17
-11
What is -4 + 2 - (-19 + 11) - 4?
2
What is the value of 11 - (9 + 0 + -14 + 8 + 6)?
2
13 - (15 + -5 - 2)
5
-10 + -3 + 39 - (-3 - -1)
28
What is the value of (-22 - (-9 - 4)) + 16?
7
What is the value of (-1 - -2) + -3 + -5 + 2 + 14?
9
What is (0 - 0) + -6 + -20 + (-18 - -26)?
-18
1 + 6 + 2 + (36 + -20 - 10)
15
What is 2 + 1 + -3 + (413 - 421)?
-8
Evaluate -3 + (-2 - -3) + -90 + 93 - -12.
13
Calculate 15 + (-14 - (20 + -16)).
-3
Calculate 26 + -5 + 14 + -31.
4
Calculate 31 + -2 - (-9 + -14 + 3 + 22).
27
10 + -3 - (18 + -27)
16
(3 + -6 + 11 - 11) + (-7 - -1)
-9
10 + (-6 - 23) + 12
-7
(4 - (-4 + -1)) + (-17 - -13) - 7
-2
Calculate 41 - (1 + 48) - (-2 + 16).
-22
-5 + -11 + (-6 - -34) + 2
14
What is the value of -16 - (-2 + -1) - (-12 + 12 - 7)?
-6
What is (3 - -20) + 321 + -331?
13
Evaluate (26 - 3) + -4 + -4.
15
What is the value of 43 - (56 + -42) - 11?
18
What is the value of -5 + (26 - 68) + (5 - -3) + 0?
-39
Calculate 0 + 27 + (-149 - -98).
-24
What is the value of (35 - -10) + -32 - (0 + -1)?
14
Evaluate 5 - ((7 - (2 + 2)) + 0 + 8).
-6
What is (1 - 3) + 9 - (7 + 17)?
-17
Calculate 35 + (5 - 5) + -33.
2
-15 + (18 + -13 + 18 - 16)
-8
What is (-7 + -3 - -13) + (-13 - 15)?
-25
7 - ((-23 - -2) + 10 + 1)
17
(-4 - -8) + -2 - (-51 - -30 - -32)
-9
Evaluate 1035 + -1029 - (0 - -20).
-14
Evaluate 9 + -10 + 4 + -9 + 2.
-4
What is the value of 2 - ((2 + 2 - -1) + -1 + -8)?
6
Evaluate (19 - (7 - 2)) + 187 + -215.
-14
What is the value of -21 + 1 + 67 + -30?
17
Calculate 0 + 0 - (-2 - -1) - (-285 + 283).
3
What is the value of -12 + (3 + -1 - (5 + 9 + -18))?
-6
Evaluate -4 - 28 - (4 + -39 + 15 + 9).
-21
Evaluate -1 - (2 + 1 - 0) - (-5 - 9).
10
What is 7 + (-3 - (12 - 4)) + 6 + -15?
-13
What is the value of (7 - (-9 + 7)) + -5?
4
(5 + 9 - -9) + -24
-1
What is the value of -2 + 9 + (-4 + -7 - -5)?
1
Calculate 5 - (8 - 9) - (-8 - -13).
1
Calculate 1 + -2 + -495 + 513 + (-19 - 0).
-2
Evaluate 9 + -23 + 4 - (-3 + (1 - 3)).
-5
What is the value of -10 + 16 - 13 - -36?
29
Calculate (-4 - -10) + -1 + -7.
-2
What is the value of -10 + -3 + (14 - 6 - 8)?
-13
What is the value of -10 + (12 - (-19 - -15 - (-8 + -1)))?
-3
What is the value of 4 + 2 + -7 - (37 - 24)?
-14
Calculate 7 - ((22 + -11 - (0 - -5)) + 1).
0
Calculate (-17 - (-25 - -6)) + (1 - (11 - 2)).
-6
(0 - (1 - -15 - 11)) + (-6 - 5)
-16
What is the value of -60 + 78 - (-4 + 23)?
-1
Calculate (-26 - (-13 - 2) - 23) + 13.
-21
What is 12 - ((-16 - -45) + -23)?
6
Calculate -32 + (5 - -53) + -20.
6
Calculate -1 - (0 + 2 - (-23 - -6 - -9)).
-11
Evaluate 2 - (11 - 7 - (2 - 9)).
-9
60 - 41 - (14 - -1) - 10
-6
-15 + -4 + (-1 + 8 - -4)
-8
Calculate -5 + (-6 - (-18 + 11)) - 17